er?
True
Is 156336529 a composite number?
False
Is 474899 composite?
False
Is 19908221 prime?
True
Is 2092351 prime?
True
Is 25280567 a prime number?
False
Is 3823007 a composite number?
False
Is 5262347 a composite number?
True
Is 920534 a composite number?
True
Is 8113727 prime?
True
Is 820509 a composite number?
True
Is 18136441 prime?
False
Is 4286657 composite?
False
Is 13459441 a composite number?
True
Is 8577691 a prime number?
False
Is 851427229 composite?
False
Is 4235923 composite?
False
Is 83653367 prime?
False
Is 1039210763 a prime number?
True
Is 274802819 composite?
False
Is 12719041 prime?
False
Is 54011267 composite?
True
Is 9795353 composite?
True
Is 106293521 prime?
True
Is 4723183 a prime number?
True
Is 954271 composite?
True
Is 2687953 a composite number?
False
Is 59783767 a prime number?
False
Is 119321407 prime?
True
Is 143060129 a prime number?
True
Is 1004593 composite?
True
Is 458657 composite?
True
Is 39406451 a prime number?
False
Is 42592787 a composite number?
False
Is 9228755 a prime number?
False
Is 6099521 a composite number?
False
Is 6949465 a composite number?
True
Is 311977 a composite number?
True
Is 310016087 a composite number?
False
Is 2048327 prime?
True
Is 184091647 prime?
True
Is 6174613 a composite number?
True
Is 2029091 prime?
True
Is 40175689 prime?
False
Is 975751693 composite?
True
Is 45159857 prime?
True
Is 479257 prime?
False
Is 127301869 a composite number?
False
Is 6026609 composite?
False
Is 1009237 a composite number?
False
Is 76307989 a composite number?
False
Is 44365639 prime?
False
Is 69964313 prime?
True
Is 2090661 composite?
True
Is 1170043 a composite number?
True
Is 2557111 a prime number?
True
Is 8164523 composite?
False
Is 1607449 prime?
True
Is 39187637 a prime number?
False
Is 61048685 prime?
False
Is 11886013 a composite number?
False
Is 369507319 prime?
True
Is 21733939 a prime number?
False
Is 17585017 composite?
True
Is 2377077 a prime number?
False
Is 13345555 composite?
True
Is 2413721 prime?
True
Is 9445307 a composite number?
False
Is 214262387 a prime number?
True
Is 4496533 a prime number?
True
Is 5514659 a prime number?
True
Is 222259 composite?
True
Is 1366009 a prime number?
True
Is 26221073 a prime number?
True
Is 61588781 a prime number?
True
Is 856132293 prime?
False
Is 1159187 a composite number?
False
Is 311424871 composite?
False
Is 466935653 prime?
True
Is 359962 a prime number?
False
Is 7970021 prime?
True
Is 54612193 a composite number?
True
Is 7208099 a composite number?
False
Is 30227669 a prime number?
True
Is 606256171 prime?
True
Is 39252583 a composite number?
False
Is 12590593 a composite number?
True
Is 260149 a prime number?
False
Is 29742079 a composite number?
False
Is 54282731 composite?
False
Is 3731989 a prime number?
True
Is 626557 a prime number?
False
Is 804046 composite?
True
Is 739682 composite?
True
Is 44116823 prime?
True
Is 1664983 a prime number?
False
Is 1306733 composite?
False
Is 442496217 a prime number?
False
Is 60392207 a composite number?
False
Is 2230939 a composite number?
False
Is 225410789 prime?
True
Is 15669883 a prime number?
False
Is 1371817 composite?
False
Is 8102663 prime?
False
Is 373701269 prime?
True
Is 795791 a composite number?
False
Is 62446487 prime?
False
Is 30430727 composite?
False
Is 1852691 a prime number?
False
Is 61060403 a prime number?
True
Is 104511481 composite?
True
Is 945359 a composite number?
False
Is 158699 prime?
True
Is 7808951 composite?
False
Is 867001 prime?
True
Is 729409 composite?
True
Is 729661 prime?
True
Is 4145527 a composite number?
False
Is 24043399 a prime number?
True
Is 44685371 prime?
False
Is 104408162 prime?
False
Is 761731 a composite number?
False
Is 1118841197 a composite number?
True
Is 17638031 a composite number?
False
Is 6918617 prime?
False
Is 1031264857 prime?
False
Is 794959 prime?
False
Is 628709567 a composite number?
False
Is 8593642 a composite number?
True
Is 73302527 composite?
False
Is 29218279 prime?
True
Is 75799483 composite?
True
Is 10140047 composite?
False
Is 2303681 prime?
True
Is 23224823 a composite number?
False
Is 5376929 a prime number?
True
Is 116152409 a prime number?
True
Is 4315981 a composite number?
False
Is 6831983 prime?
False
Is 137342833 a prime number?
False
Is 18100237 prime?
False
Is 12922259 prime?
False
Is 31390361 a composite number?
False
Is 1778767 composite?
True
Is 25446959 composite?
True
Is 9279019 composite?
True
Is 8818 prime?
False
Is 37515749 prime?
True
Is 10817 a composite number?
True
Is 134325707 prime?
True
Is 21228101 a prime number?
True
Is 1160179 composite?
False
Is 1267823 a prime number?
True
Is 1812866533 composite?
False
Is 5005487 composite?
True
Is 820013 prime?
False
Is 2821759 a composite number?
False
Is 36631409 prime?
False
Is 33516731 prime?
True
Is 923309 prime?
True
Is 541264487 a prime number?
True
Is 100960694 a composite number?
True
Is 8552657 prime?
False
Is 5510657 a composite number?
True
Is 80841965 prime?
False
Is 17688043 prime?
False
Is 102541303 a composite number?
True
Is 18369391 a composite number?
True
Is 6518579 composite?
False
Is 6236543 composite?
True
Is 5839439 a prime number?
False
Is 77919949 prime?
True
Is 29122879 a prime number?
True
Is 66696037 a composite number?
False
Is 7372891 prime?
False
Is 6949742 composite?
True
Is 5479951 composite?
False
Is 1157899 prime?
True
Is 24777631 composite?
True
Is 25732579 a composite number?
False
Is 23729558 a composite number?
True
Is 94048001 a composite number?
False
Is 111616381 composite?
False
Is 320095687 prime?
True
Is 1468217 prime?
False
Is 660929 a composite number?
True
Is 134078863 a composite number?
False
Is 5850199 composite?
True
Is 8060999 prime?
False
Is 28462351 a composite number?
True
Is 664650655 a composite number?
True
Is 40000991 a prime number?
True
Is 22793671 composite?
False
Is 73141511 a prime number?
True
Is 2494169 a composite number?
False
Is 10234343 a composite number?
True
Is 33088339 a composite number?
False
Is 1534783 a composite number?
False
Is 23702269 a prime number?
True
Is 19275851 a prime number?
False
Is 11980777 prime?
True
Is 7722107 prime?
True
Is 2615902 prime?
False
Is 4561849 composite?
False
Is 321325847 a prime number?
False
Is 48423371 a composite number?
False
Is 127056399 composite?
True
Is 954463 composite?
True
Is 6104739 a composite number?
True
Is 361791827 composite?
False
Is 6531857 composite?
False
Is 84641437 a prime number?
True
Is 12372859 prime?
True
Is 116554687 a composite number?
False
Is 38567513 a prime number?
False
Is 131592281 prime?
False
Is 2415643 a composite number?
True
Is 24334207 a prime number?
False
Is 380491 prime?
False
Is 32760287 prime?
False
Is 206411549 a composite number?
True
Is 73684159 composite?
True
Is 173020291 composite?
False
Is 3703823 prime?
True
Is 6757813 a prime number?
True
Is 20309623 a composite number?
True
Is 1766641 a prime number?
False
Is 1816162 composite?
True
Is 1433891 composite?
False
Is 5234057 a prime number?
False
Is 10998667 prime?
False
Is 838631 a prime number?
True
Is 19028873 prime?
False
Is 13717081 a composite number?
True
Is 42065207 prime?
False
Is 9255445 prime?
False
Is 1335185 a prime number?
False
Is 329941 a prime number?
True
Is 69690581 a composite number?
False
Is 20382785 a prime number?
False
Is 1810355315 composite?
True
Is 106837633 a prime number?
False
Is 54171863 a prime number?
True
Is 62838143 prime?
True
Is 2669659 a composite number?
False
Is 3285098 a composite number?
True
Is 46547 prime?
False
Is 7122179 a prime number?
True
Is 1689871 composite?
True
Is 8290577 a composite number?
True
Is 96386339 a prime number?
False
Is 68681995 a prime number?
False
Is 2083681 a composite number?
False
Is 95267911 composite?
False
Is 1017883 prime?
False
Is 818813 prime?
True
Is 1726471 prime?
True
Is 607393 composite?
True
Is 26040901 composite?
True
Is 66653021 prime?
False
Is 65975089 composite?
True
Is 18495905 composite?
True
Is 1762949 prime?
False
Is 165229283 prime?
False
Is 2171809 prime?
False
Is 3145801 a prime number?
True
Is 2370103 a prime number?
True
Is 33165467 a prime number?
True
Is 16415057 prime?
True
Is 2257399 a composite number?
True
Is 44570969 a composite number?